METEO Meyenheim IALSACEM4
Latitude N 47° 54' 42" Longitude E 07° 21' 22" Altitude 210 m
:actuelle::console::instruments::extrèmes::records::records absolus::records mensuels:
:graph::historique::hist graph::rapports NOAA::forum::webcam:
Selectionner un rapport Annuel ou mensuel
Rapport pour Janvier 2018 Monthly Climatological Summary for janv. 2018 Name: IALSACEM4 City: Meyenheim State: Elevation: 210 m Lat: N 47° 54' 42" Lon: E 007° 21' 22" Temperature (°C), Rain (mm), Wind Speed (km/h) Heat Cool Avg Mean Deg Deg Wind Dom Day Temp High Time Low Time Days Days Rain Speed High Time Dir ---------------------------------------------------------------------------------- 1 7.3 11.2 00:00 5.3 23:56 11.0 0.0 5.0 9.6 60.6 20:08 SW 2 5.9 8.2 13:58 3.7 08:56 12.4 0.0 1.4 7.2 34.6 22:43 SSW 3 8.4 12.2 09:11 4.9 00:22 9.9 0.0 11.2 13.4 65.6 06:58 WSW 4 9.3 12.3 13:52 5.0 04:15 9.0 0.0 7.6 10.5 49.0 20:58 SSW 5 9.9 12.4 12:43 8.0 03:53 8.4 0.0 2.2 7.5 46.1 06:56 SSW 6 8.0 10.8 13:34 6.8 07:50 10.3 0.0 1.2 0.6 9.4 00:00 NW 7 6.8 7.7 00:00 4.2 23:54 11.5 0.0 0.0 7.5 30.3 12:58 N 8 4.6 7.8 14:50 2.8 04:12 13.7 0.0 0.0 2.1 16.6 13:42 NNE 9 4.7 7.3 15:01 2.3 08:50 13.6 0.0 0.2 1.9 28.9 19:46 S 10 5.3 7.3 11:26 2.8 08:25 13.0 0.0 0.8 2.7 13.7 14:00 S 11 4.9 7.6 14:52 2.8 20:48 13.4 0.0 0.2 0.7 8.6 07:24 NW 12 4.6 5.7 14:40 2.2 23:57 13.7 0.0 0.0 2.5 18.0 08:55 N 13 1.8 6.9 13:49 -1.6 23:40 16.5 0.0 0.0 1.5 12.3 08:39 N 14 -0.5 4.4 14:42 -3.6 07:55 18.8 0.0 0.0 0.6 11.5 22:52 SW 15 2.7 7.2 18:12 -0.8 04:56 15.6 0.0 5.4 7.0 51.2 23:29 SSW 16 7.5 9.7 14:50 5.1 21:02 10.8 0.0 9.4 10.7 56.9 00:51 SW 17 4.5 6.8 01:08 1.5 11:00 13.2 0.0 4.0 9.6 48.3 01:03 W 18 5.9 9.9 14:36 2.9 06:55 12.4 0.0 8.6 12.2 57.7 09:00 SSW 19 5.3 8.3 01:51 1.7 23:27 13.0 0.0 2.8 4.5 34.6 01:30 WSW 20 4.5 7.1 22:30 1.6 00:21 13.8 0.0 3.4 7.4 47.6 16:18 SSW 21 5.0 7.8 02:00 2.6 22:43 13.3 0.0 1.2 2.9 29.6 03:35 NW ---------------------------------------------------------------------------------- 5.5 12.4 5 -3.6 14 267.3 0.0 64.6 5.8 65.6 3 SW Max >= 30.0: 0 Max <= 0.0: 0 Min <= -10.0: 0 Min <= -18.0: 0 Max Rain: 11.2 on day 3 Days of Rain: 16 (>= 0.2 mm) 10 (>= 2.0 mm) 0 (>= 20.0 mm) Heat Base: 18.3 Cool Base: 18.3 Method: Integration |
:actuelle::console::instruments::extrèmes::records::records absolus::records mensuels:
:graph::historique::hist graph::rapports NOAA::forum::webcam:
Mise à jour : 22/01/2018 17:05:01
powered by
Cumulus v1.9.4 (1099)