METEO Meyenheim IALSACEM4
Latitude N 47° 54' 42" Longitude E 07° 21' 22" Altitude 210 m
:actuelle::console::instruments::extrèmes::records::records absolus::records mensuels:
:graph::historique::hist graph::rapports NOAA::forum::webcam:
Selectionner un rapport Annuel ou mensuel
Rapport pour 2017 Annual Climatological Summary for 2017 Name: IALSACEM4 City: Meyenheim State: Elevation: 210 m Lat: N 47° 54' 42" Lon: E 007° 21' 22" Temperature (°C), Heat Base: 18.3 Cool Base: 18.3 Dep. Heat Cool Max Max Min Min Mean Mean From Deg Deg >= <= <= <= YR MO Max Min Mean Norm Days Days Hi Date Low Date 30.0 0.0-10.0 -18.0 ------------------------------------------------------------------------------------ 17 1 2.1 -4.3 -1.4 -2.3 615 0 10.5 29 -10.6 7 0 11 4 0 17 2 10.4 1.2 5.1 2.5 368 0 19.1 23 -3.5 14 0 0 0 0 17 3 16.1 3.6 9.3 3.2 282 4 23.6 31 -1.1 11 0 0 0 0 17 4 17.6 4.2 10.4 0.7 241 7 30.3 30 -2.4 21 1 0 0 0 17 5 23.2 9.9 16.3 2.5 118 57 33.2 29 0.0 2 5 0 0 0 17 6 28.7 14.4 20.9 3.8 36 115 36.2 22 7.4 8 10 0 0 0 17 7 28.2 15.6 21.1 1.8 25 112 35.8 8 12.2 3 12 0 0 0 17 8 28.2 14.6 20.5 1.7 36 105 33.3 29 8.9 20 12 0 0 0 17 9 21.7 9.4 14.4 -1.4 135 18 28.5 5 3.6 21 0 0 0 0 17 10 19.4 6.5 11.9 1.0 209 11 28.0 16 -1.1 31 0 0 0 0 17 11 9.7 2.7 6.0 0.7 369 0 19.5 4 -3.1 20 0 0 0 0 17 12 6.7 1.2 3.6 1.7 434 0 14.4 31 -2.8 3 0 0 0 0 ------------------------------------------------------------------------------------ 17.7 6.6 11.5 1.3 2875 433 36.2juin -10.6janv. 40 11 4 0 Precipitation (mm) Dep. Max Days of Rain From Obs. >= YR MO Total Norm Day Date 0.2 2.0 20.0 --------------------------------------------- 17 1 14.8 -20.2 3.8 10 13 3 0 17 2 47.4 15.4 13.6 28 18 6 0 17 3 29.4 -8.6 7.6 6 11 4 0 17 4 28.8 -18.2 10.4 25 7 3 0 17 5 51.6 -15.4 25.8 19 14 7 1 17 6 47.4 -19.6 16.2 28 10 5 0 17 7 39.4 -19.6 11.2 21 13 5 0 17 8 37.6 -25.4 12.4 10 15 7 0 17 9 30.0 -17.0 11.0 30 8 5 0 17 10 19.2 -18.8 8.0 3 15 3 0 17 11 41.2 -6.8 12.0 25 16 6 0 17 12 60.2 20.2 13.8 11 19 6 0 --------------------------------------------- 447.0-134.0 25.8 mai 159 60 1 Wind Speed (km/h) Dom YR MO Avg. Hi Date Dir ------------------------------ 17 1 3.8 52.6 13 W 17 2 4.0 59.1 27 SW 17 3 5.1 50.5 4 WSW 17 4 3.5 39.6 19 N 17 5 3.2 47.6 12 WSW 17 6 3.7 51.9 6 WSW 17 7 3.9 51.9 12 SW 17 8 2.8 45.4 24 SW 17 9 3.2 62.7 14 SW 17 10 3.2 47.6 2 SW 17 11 4.1 55.5 28 SW 17 12 4.9 62.0 12 SSW ------------------------------ 3.8 62.7sept. SW |
:actuelle::console::instruments::extrèmes::records::records absolus::records mensuels:
:graph::historique::hist graph::rapports NOAA::forum::webcam:
Mise à jour : 22/01/2018 17:05:01
powered by
Cumulus v1.9.4 (1099)