METEO Meyenheim IALSACEM4
Latitude N 47° 54' 42" Longitude E 07° 21' 22" Altitude 210 m
:actuelle::console::instruments::extrèmes::records::records absolus::records mensuels:
:graph::historique::hist graph::rapports NOAA::forum::webcam:
Selectionner un rapport Annuel ou mensuel
Rapport pour Novembre 2016 Monthly Climatological Summary for nov. 2016 Name: IALSACEM4 City: Meyenheim State: Elevation: 210 m Lat: N 47° 54' 42" Lon: E 007° 21' 22" Temperature (°C), Rain (mm), Wind Speed (km/h) Heat Cool Avg Mean Deg Deg Wind Dom Day Temp High Time Low Time Days Days Rain Speed High Time Dir ---------------------------------------------------------------------------------- 1 8.7 18.1 15:03 1.8 05:48 9.6 0.0 0.2 2.6 31.7 16:18 SSW 2 6.6 10.2 13:16 1.4 23:47 11.7 0.0 0.0 0.6 11.5 09:17 WSW 3 3.3 11.1 14:34 -1.5 07:10 15.0 0.0 0.0 1.0 11.5 14:36 N 4 4.9 12.3 14:01 -1.4 03:59 13.4 0.0 0.6 1.7 20.9 22:24 WSW 5 9.6 16.1 13:18 6.9 23:56 8.7 0.0 7.4 2.4 19.5 13:31 SSW 6 5.8 9.6 11:50 3.4 23:14 12.5 0.0 1.6 1.0 13.0 06:40 SSW 7 2.9 6.8 14:20 -1.2 23:57 15.4 0.0 0.4 3.5 22.4 12:00 SSW 8 1.2 5.1 12:58 -1.6 01:40 17.1 0.0 0.2 2.8 32.4 12:23 SSW 9 4.1 6.9 21:52 1.6 00:25 14.2 0.0 2.0 6.5 38.9 23:42 SSW 10 6.9 9.4 13:52 4.3 04:06 11.4 0.0 7.0 6.3 35.3 01:10 SSW 11 6.0 9.0 14:47 2.2 00:00 12.4 0.0 3.2 2.3 23.8 01:07 WNW 12 2.7 7.7 15:34 -0.8 21:42 15.5 0.0 0.0 1.3 9.4 05:30 NNW 13 3.4 6.5 12:27 0.0 00:00 14.9 0.0 0.2 1.4 15.1 18:48 N 14 1.6 3.6 00:00 -0.1 23:43 16.7 0.0 0.0 2.9 30.3 11:37 N 15 3.8 8.5 13:49 -1.5 02:16 14.5 0.0 0.2 3.3 20.9 10:42 SSW 16 8.5 11.2 14:22 5.9 05:16 9.8 0.0 2.2 6.1 37.5 22:41 SSW 17 10.4 13.0 12:54 8.6 05:48 7.9 0.0 0.0 9.8 46.9 17:28 SSW 18 10.0 13.8 13:17 6.2 23:25 8.3 0.0 5.0 9.1 46.1 10:50 SSW 19 5.9 8.5 14:28 3.1 19:44 12.4 0.0 2.6 5.1 29.6 15:43 SSW 20 8.7 17.4 13:41 3.1 07:12 9.6 0.0 0.2 5.8 49.0 14:08 SSW 21 7.6 10.3 13:19 4.6 03:07 10.7 0.0 0.2 1.4 20.9 11:09 WSW 23 7.3 8.8 13:15 6.1 23:57 10.3 0.0 0.0 1.5 8.6 21:19 NNW 24 7.0 7.7 13:19 4.9 00:44 11.3 0.0 0.0 3.7 33.9 09:34 N 25 7.3 9.6 12:50 6.0 01:54 11.0 0.0 0.0 4.4 21.6 06:27 N ---------------------------------------------------------------------------------- 6.0 18.1 1 -1.6 8 294.3 0.0 33.2 3.6 49.0 20 SW Max >= 30.0: 0 Max <= 0.0: 0 Min <= -10.0: 0 Min <= -18.0: 0 Max Rain: 7.4 on day 5 Days of Rain: 16 (>= 0.2 mm) 7 (>= 2.0 mm) 0 (>= 20.0 mm) Heat Base: 18.3 Cool Base: 18.3 Method: Integration |
:actuelle::console::instruments::extrèmes::records::records absolus::records mensuels:
:graph::historique::hist graph::rapports NOAA::forum::webcam:
Mise à jour : 22/01/2018 17:05:01
powered by
Cumulus v1.9.4 (1099)